actors of d(2).
2
Let k be 6 + (0/4)/(-3). What are the prime factors of k/4*(-28)/(-3)?
2, 7
Let u be 2/(-8) + (-5)/(-4). Let c be (-64)/5 + u/(-5). Let q = -4 - c. What are the prime factors of q?
3
Suppose -4 + 2 = -2*p. Suppose -x = 2 + p. List the prime factors of (-6)/x - (-4)/2.
2
Let w(x) = -21*x - 10. What are the prime factors of w(-6)?
2, 29
Let t = 73 - 33. Suppose 0 = 7*m - 6*m + t. List the prime factors of (-2)/(-10) + (-472)/m.
2, 3
Let x(s) = -2*s + s**2 - 4 + s - 2*s. List the prime factors of x(-4).
2, 3
List the prime factors of (-33)/(-6) - 2/(-4).
2, 3
Let p(z) = z**2 + z + 17. Let u be 0/((-3)/(1 + -4)). Let b be p(u). Let j = 31 - b. What are the prime factors of j?
2, 7
Suppose -5*a + 38 = s, 114 = 3*s + 2*a - 4*a. List the prime factors of s.
2, 19
Let v(b) = 2*b**2 + 3*b + 3. Let f be v(-2). Let c(l) = l - 1. Let d be c(f). Suppose -24 = -4*m + d. What are the prime factors of m?
7
Let z(h) = 7*h - 1. Let o be (-2 + (-5)/(-2))*2. List the prime factors of z(o).
2, 3
Let i(a) = a + 3. Let u be i(4). Let x(v) = v**3 - 7*v**2 + v - 4. What are the prime factors of x(u)?
3
Let p be (-3 + 1)/((-16)/(-72)). Let y = p - -20. List the prime factors of y.
11
Suppose 5*a = 11*a - 192. List the prime factors of a.
2
Let a = 8 + 4. What are the prime factors of a?
2, 3
Let y(j) = 3*j + 3. What are the prime factors of y(8)?
3
List the prime factors of (-2 + (-78)/(-15))*20.
2
Suppose -39 = -u - 5*d, -5*u + 2*d + 83 = 23. List the prime factors of u.
2, 7
Suppose -z + 75 + 20 = 0. List the prime factors of z.
5, 19
Let m(o) = -o**3 + 5*o**2 - 4*o + 4. Let v be m(4). List the prime factors of (-26)/(-1)*v/8.
13
Let r(l) = l**3 + l**2 - 2*l - 2. Let w be r(-2). Let k be (-4)/2 + -9 + w. Let d = k - -24. What are the prime factors of d?
11
Suppose 2*d - 164 - 408 = 0. List the prime factors of d.
2, 11, 13
Suppose -2184 = -2*t - 4*t. What are the prime factors of t?
2, 7, 13
Let j(i) be the second derivative of 7/2*i**2 - 1/6*i**3 - 1/12*i**4 - 2*i + 0. List the prime factors of j(0).
7
Let o(t) = -t**3 + 6*t**2 - 5*t + 3. Let f be o(5). Suppose -f*l + 1 = -x + 21, -88 = -5*x + 3*l. List the prime factors of x.
17
Let t = 3 + -1. What are the prime factors of -3 - (t + 48/(-2))?
19
Let v(c) = c**2 - 3. Let t be 1 - (6 + 0/(-1)). What are the prime factors of v(t)?
2, 11
Let k = 193 - 83. List the prime factors of k.
2, 5, 11
Suppose 5 = 5*t, 33 = -4*k + 2*t - t. Let j = -6 - k. List the prime factors of j.
2
What are the prime factors of (-1 - -3) + -3 + 26?
5
Let b = 0 - -4. Suppose 2*i = b*f - 114, 4*f + f - 138 = 4*i. List the prime factors of f.
2, 3, 5
Let d(n) = 4*n**2 + 2*n - 9. What are the prime factors of d(6)?
3, 7
Let d = 25 + -25. What are the prime factors of 86*(-1 + d)/(-2)?
43
Let l be (7 - 1)/(2/(-7)). List the prime factors of 8/6 - 812/l.
2, 5
Let d = 9 - 3. What are the prime factors of d?
2, 3
Let g(c) = c**2 + c - 1. Let y be g(-3). Let z be (3 - 1) + (-4 - y). Let l = 13 + z. List the prime factors of l.
2, 3
Let h(i) = 2*i + 4. Let s be h(-4). Let t = -2 - s. Suppose 3 = f - t. List the prime factors of f.
5
Let x = -12 + 71. Suppose 21 = 2*l - x. What are the prime factors of l?
2, 5
Let x = 9 + -7. Suppose 3*v + x*v = 0. Suppose -4*d - i + 72 = v, 2*d + i - 30 = 2*i. List the prime factors of d.
17
Let w(y) = y**2 - y + 1. Let v be w(0). Let f = v - 3. List the prime factors of (-28)/(-2) + (-2 - f).
2, 7
Let z = 5 - 3. Let l(n) = -n - 18. Let t be l(0). List the prime factors of t/(-12) + 13/z.
2
Let d(u) = -3*u + 181. List the prime factors of d(0).
181
Suppose -2*l - 2*l = 0. Suppose l*z - 1 = -z. Suppose 3*q + z + 3 = 2*k, -29 = -2*q - 5*k. What are the prime factors of q?
2
Let u(d) = 2*d**2 - 5*d + 4. List the prime factors of u(-5).
79
Let p(x) = -2*x**2 + 27*x + 7. List the prime factors of p(10).
7, 11
Let f(v) = v**2 + 5*v - 3. Let y be f(-6). List the prime factors of y/1 + (2 - -21).
2, 13
Let l(z) = z - 2. Suppose -3*x + 5 = -7. List the prime factors of l(x).
2
Let f(t) = -2*t + 4. Let p be f(3). Let b(z) = -13*z - 1. Let x be b(p). Suppose v + 4*v - x = 0. List the prime factors of v.
5
Let u be 1*(-7)/1*-1. Let p = u + -2. What are the prime factors of p?
5
Let w = 2 - 2. Suppose w = m - 3*m. Let x(u) = u**2 - u + 7. List the prime factors of x(m).
7
What are the prime factors of (3/(-3) + 4)*-1 - -322?
11, 29
Suppose 4 - 7 = -b. Suppose 4*v - b = -27. Let t(s) = -s - 4. List the prime factors of t(v).
2
Let y(g) = -g**2 - 6*g + 1. Let w be y(-5). List the prime factors of (-52)/w*6/(-4).
13
Let d be (0 - 1)/((-2)/(-10)). Let m = -4 - d. Suppose -3*w + 3*k = -9, 4*k - m = 7. What are the prime factors of w?
5
Suppose 14 + 26 = r. What are the prime factors of r?
2, 5
Let u be ((-3)/(-4))/(1/4). Suppose -5*o - 4*b + 0*b - 3 = 0, 3 = -4*o - u*b. List the prime factors of -1 - (-39)/o*-1.
2, 3
Let p(u) = u + 28. List the prime factors of p(-15).
13
Let p = 95 + -179. Let f = -54 - p. Suppose -2*k + k = -5*o, 3*k = 5*o + f. List the prime factors of k.
3, 5
Let y(q) = 7*q - 7. Let f(s) = -s + 1. Let t(z) = 39*f(z) + 6*y(z). Let v be t(2). Let k(n) = n**2 - 1. What are the prime factors of k(v)?
2
Suppose 4*v = 3 + 13. Suppose m - v*m - 156 = 0. List the prime factors of m/(-14) - (-2)/7.
2
Let r(o) = o**3 - 9*o**2 + 8*o + 2. Let b be r(8). Let m(d) = 0*d - 3 - 8 + 2 + b*d. What are the prime factors of m(12)?
3, 5
Let t(u) = -2*u. Let g be t(1). Let c = g + 11. What are the prime factors of c?
3
Let w = -7 + 4. Let g = w + 2. Let s(l) = -10*l. What are the prime factors of s(g)?
2, 5
Suppose 5*u - 5*a + 3 = 193, -4*u + 5*a = -157. What are the prime factors of u?
3, 11
Let t be 4*(-2)/(-2*1). Let w be ((t/(-2))/(-2))/(-1). What are the prime factors of -2 + 3 - (-1 + w)?
3
Let n be (24/18)/((-2)/(-3)). Suppose -12 = -n*j - 2*j. What are the prime factors of j?
3
Suppose 4*c - 4*i - 31 = -3, 5*c - 2*i = 32. Suppose 68 + 12 = 4*m. List the prime factors of (-3)/9 + m/c.
3
Let l(z) = -z**2 - 15*z + 11. Let n be l(-12). Let k = 111 - n. Suppose -4*m = -5*t + k, -t - 3*m = -4*t + 36. What are the prime factors of t?
2
Let r be 2/(-5) + 352/(-20). Let z = 31 + r. Let j(c) = c**3 - 14*c**2 + 13*c + 2. What are the prime factors of j(z)?
2
Let f be 2 - 0/(-2) - 2. Let a be 1 - f - (0 + 2). Let g = a - -4. What are the prime factors of g?
3
Let c = -10 - -18. Suppose -c = -5*z + 42. Suppose 0 = 3*v + z - 46. List the prime factors of v.
2, 3
Let n = -23 - -43. What are the prime factors of n?
2, 5
Let q = 41 - 28. Suppose -3*m + 2*m + q = 0. What are the prime factors of m?
13
Let g(v) = v + 1. Let j(n) = -4*n + 3. Let i(q) = -g(q) - j(q). Let u be i(5). Let h = 7 + u. List the prime factors of h.
2, 3
Suppose 0 = -3*m + 5*c + 1, -m - 2*c - 1 + 5 = 0. Suppose -6 = -m*j - j. List the prime factors of j.
2
Let r = 295 - -139. What are the prime factors of r?
2, 7, 31
Suppose 2*n = -2*n - 5*t + 41, -3*n + 3*t = 3. Suppose -n*u - 7 = -5*u. List the prime factors of u.
7
Let r(q) be the third derivative of q**5/20 - q**4/24 + 4*q**2. Suppose 0 = 4*d + 1 + 3. List the prime factors of r(d).
2
Let c(b) = 26*b - 12. What are the prime factors of c(10)?
2, 31
Suppose 4*z - 19 + 3 = 0. Suppose z - 44 = -5*c. What are the prime factors of c?
2
Let t(y) = -y**3 + 7*y**2 + y - 6. Let l be t(7). Let h be (-6)/(1*(0 - l)). Suppose 4 = m - h. What are the prime factors of m?
2, 5
List the prime factors of (0 - (-11 - 4))/1.
3, 5
Suppose 2*q = -39 + 193. List the prime factors of q.
7, 11
Let h(x) = 4*x**3 + 3*x + 3 - 4*x**3 - x**3 - 2*x**2. Let y be h(-2). List the prime factors of (42/(-9))/(2/y).
7
Suppose 1 - 31 = -5*b. Suppose -b*v - 81 = -3*w - 3*v, 111 = 4*w - 5*v. List the prime factors of w.
2, 3
Let a(s) = -s**3 + 8*s**2 - 7*s + 10. Suppose 5*b - 274 + 99 = 0. Suppose 5*o = -0 + b. What are the prime factors of a(o)?
2, 5
Suppose 3*z + 2*h - 14 = 0, 0 = -5*h + 25 - 5. Let p be z/10 - 16/5. What are the prime factors of (p - 0)*10/(-3)?
2, 5
Suppose -2*f + 538 = 5*x - 3*f, -2*f = -5*x + 541. What are the prime factors of x?
107
Let f(g) = g**2 - 3*g - 4. Let y be f(4). Let q be (-2)/(-2 + 1) + y. List the prime factors of 6 + (q/2 - 2).
5
Suppose 5*u + 2*x - 8 = 0, 0 = 3*u - x - 2*x - 9. What are the prime